
Evaluate -34 + -2 + 49 + 27.
40
Evaluate (-14 - (13 - (13 - 0) - 12)) + -16.
-18
Calculate 15 + 0 - (-8852 + 8860).
7
What is the value of -39 + -7 + 1924 + -1847?
31
(-53 + -2 - (100 + -115)) + (-8 - 6)
-54
Calculate 0 - 0 - 2 - (84 + 28 + -28 + -3).
-83
Evaluate 31 - (36 + -75 - -98).
-28
Calculate -29 - (-16 - (-41 + 20 + 21)).
-13
Calculate (4 + -143 - ((-10 - (3 + -27)) + -19)) + -11.
-145
What is the value of 7 + (-4 + 14 - 40 - (-29 + 16))?
-10
Evaluate -3 + (-6 - (3 - 14)) + -15 + -9.
-22
(7915 - 7802) + -151 + -2
-40
Evaluate (-9 - (-23 - (-3 + (-2 - -3)))) + -36.
-24
36 + -28 + -1 + 47 + (-6 - -7 - 0)
55
(11 - 68) + 91 + -68
-34
What is -6 + (10 + 9 - 3 - -3) - -26?
39
Calculate 175 - (102 + -64) - 81.
56
(-16 - (21 - -59)) + 82 + -86
-100
What is 14 + (20 - (-22 - (18 + -125)))?
-51
Evaluate -27 + 58 + 12 - (-9 + 9 + 6).
37
Calculate 10 + 10 + (8 + 3 - (-25 + 10)).
46
What is the value of (64 - 40) + -5 + -2 + 14 + -4?
27
-55 - (-4 - (-11 + 7 - (-16 - -6)))
-45
16 + 1 + -2 - (25 + -22 + 2)
10
-3960 + 3959 + -1 + 11 + -22 + 0 + -2
-15
Calculate (-14 + 38 - 64) + 26.
-14
-2 + 51 + -23 - -17
43
What is -7 + -1 - (3 - (-3 - 6 - -4 - -9))?
-7
Calculate (-1 + -15 - (-644 + 645)) + (-8 - -1).
-24
(-49 - (-19 + (20 - 8))) + 18
-24
What is -42 + -16 + -19 + 48 - -28?
-1
What is the value of (5 - 4 - 58) + (27 + -87 - -50)?
-67
What is the value of -245 - (147 - 39 - 248)?
-105
Evaluate -18 + -62 - (-52 - 36).
8
What is the value of -2 + 7 + -26 + (-2 - -4) + 9 + -10?
-20
-608 + 587 + 1 + -38
-58
Calculate 29 + 3 + (-122 - -186 - 51).
45
What is 107 + -18 - (-55 - -106)?
38
-10 + (-20 - (-49 + 19))
0
What is the value of -48 + 11 - -7 - (4 + -2)?
-32
Calculate -39 + (-20 + -18 + 30 - -8).
-39
Evaluate 72 + (-22 - 6) + (-5 - (5 - -3)).
31
Evaluate 30 - (-42 + -28 - -27).
73
Calculate (18 + 47 - -27) + -20.
72
What is the value of 2 - (-25 - (-17 + -20)) - -70?
60
Evaluate 1761 - 1736 - (-2 - 18 - 0).
45
(7 - 0 - (-198 + 78 - -22)) + -21
84
Calculate 47 - (61 - (12 + 18)).
16
Evaluate 14 + 1 + (13 - 0) + -51 + 38 + -6.
9
Calculate -9 + -8 + 1 + 5 + -2.
-13
14 + 1 + (1 - 1 - 0) + -5 - 6
4
What is (22 + 34 - 41 - (62 - 1)) + -8?
-54
What is (1 - -38) + (17 - -2 - (98 - 78))?
38
Evaluate 22 + (-1 - (21 + -15 - 24)).
39
Calculate 28 + -56 - -33 - (20 + -1) - 69.
-83
8 + (0 - 1 - (-10 - -4)) + 13
26
Calculate (-6 - 1) + -55 + 3 + 48 + -1 + -31.
-43
What is the value of -20 - (-18 + -56 + 7 + 17)?
30
What is the value of -34 + 63 + (-14 - -6) + -62?
-41
-4 + -47 + 93 + -74 + (1 - 9)
-40
What is the value of (-6 - (-16 + (-11 - -2) - 51)) + (0 - 3)?
67
What is the value of 76 + 106 + (-30 - 79)?
73
(-4 - 22) + (-10 - 160 - -114)
-82
Calculate 7 + -36 + (-51 - -120).
40
Calculate (-35 - 2 - (-343 - -339)) + (2 - -9).
-22
What is the value of (-26 - -2) + (9 - -33) + 31?
49
-62 + 122 - (104 + 24)
-68
Evaluate 298 + (281 - 559) - (-1 - -99).
-78
Evaluate (-1 - -37) + -36 + (13 - 4 - (-2 - 13)).
24
Evaluate 47 + (-36 - (7 - -9 - 24)).
19
Evaluate 226 + -252 - (10 + (-4 - 104)).
72
What is the value of -2 - (15 + -8 + 6 - 59 - 4)?
48
(0 - -66) + 63 + -87 + 4
46
54 + 3 + 478 + -585
-50
Calculate -3 - ((-36 - (20 - 42)) + 22).
-11
Evaluate (31 - 105) + 64 - -68.
58
What is the value of 25 - (69 - (-24 + 27 - -5))?
-36
Calculate -16 - -29 - (-8 + -2 + (32 - -102)).
-111
(-35 - 12) + (49 - 41)
-39
Evaluate 28 + ((-21 + 3 + 6 - -4) + 4 - -2).
26
Calculate (-27 - 1) + 163 + -145 + -25.
-35
Calculate -101 - (-132 + 257 + -149).
-77
Evaluate (1 - 0 - -12) + 6523 + -6547 + 66 - -7.
62
What is -36 + (42 - (5 - -40))?
-39
Calculate (-2 - (-23 + -2 + 8)) + 1 + 19.
35
What is 1 + -6 + 3 + -3 + 99 + -98?
-4
Calculate -1398 + 1369 + 1 + 32 - 10.
-6
Evaluate -123 + 1 + (744 - 775 - (0 + -24) - 0).
-129
(-25 - (19 - 26) - 6) + 17 - 81
-88
What is (-6 - 0 - -1) + (42 + -52 - 80)?
-95
Calculate (9 - (-28 + 27) - 13) + -52 + 0.
-55
-11 + 27 + (-7 - -6) + -26
-11
(-130 - -76) + 24 - -82
52
Evaluate -26 + 29 - (-7 - 1) - (34 + -24).
1
What is -79 + 51 + -11 + 76?
37
143 - 126 - (6 - (10 + 2) - -110)
-87
What is 49 + -99 + (1 - -35)?
-14
Evaluate 25 + 7 + -21 - (-2 - 2 - 0 - 4).
19
(-15 - -10) + -4 - -5 - (12 - 36)
20
What is the value of (-350 - -353) + 5 + -14?
-6
What is the value of 6 + 80 + -40 - 70?
-24
-116 - 20 - (9 - 77)
-68
Evaluate -31 + (19 - (-20 + 25)).
-17
Calculate 1047 + -1066 + 1 + -26.
-44
Calculate (-8 + 0 - (14 - 41 - (-4 + -6))) + -82.
-73
-155 + 158 + 34 + -31
6
-8 + -4 + 62 + -17
33
Calculate 48 + 38 + -78 - (13 + -18).
13
-8 + 8 + -28 + 19
-9
What is the value of (132 - 11) + 742 + -873?
-10
Evaluate (7 - (-3 - 25 - -7)) + (-18 - -11 - 0).
21
What is 2 - (0 - -31) - (-2816 - -2848)?
-61
What is the value of (0 - (-42 - 2)) + -2 + 5419 + -5410?
51
What is the value of (1 + 20 - (187 + -183)) + -25?
-8
What is the value of -3 - (-7 - -9) - -8 - (65 - 122)?
60
What is the value of -2 + (-7 - (7 - (18 + -3))) + 201 + -214?
-14
79 + (12 - (9 - (-9 - -20 - 21))) - -13
85
-91 + 99 - (-11 - (-4 - (6 - 2)))
11
Evaluate -5 - (4 + -6 + -12) - (-10 - (-1 - -1)).
19
Calculate 19 + (-40 - (27 + -96)).
48
Calculate 5 + 66 - (1720 + -1722).
73
60 - 32 - (-7 - (-4 + 2 + -1))
32
Calculate (-3 - -12 - (-95 + 9 + 17)) + -19.
59
What is 47 + -7 + 56 - 72?
24
What is the value of 25 + (5 + (-10 - 1) - -29)?
48
Evaluate -51 + (-105 - (-191 - -78)).
-43
What is (-10 + 4 - 3) + 83 + -70?
4
41 - (54 - (48 - 32)) - -8
11
What is the value of (3 - -8) + -27 - (0 - -16)?
-32
What is -15 + (17 - ((7 - 11) + -21 + 11))?
16
What is the value of -2 + 14 + -18 + 0 + 8 + 22?
24
Calculate 177 + -135 - (2 + -2 - -15).
27
Evaluate 2 + 23 + -176 + (-139 - -286).
-4
109 - (23 - (14 - 48))
52
Calculate (234 + -218 - (-4 - (-101 - 3))) + 1.
-83
Evaluate -12 - (-871 - -847 - (-1 + 31)).
42
What is the value of 63 - (-76 - -63) - 83?
-7
Evaluate (57 + -58 - 4) + -36.
-41
What is -78 - (-45 + -71) - 69?
-31
What is the value of -38 + (-4 - (-2 + -2)) + 162 + -158?
-34
Calculate -15 + 11 + 31 + -31 + 8.
4
What is the value of 43 + -14 + -41 + (55 - 1)?
42
Evaluate (-7 - (12 - -4)) + 8 + (-32 - -15).
-32
(-48 - (-55 - -75)) + -30 + 1
-97
-4 + -45 - (25 + -23 + 6 - 13)
-44
What is 51 + 6 + -9 - (8 + (-5 - -4))?
41
What is the value of -26 + 7 + 23 + (42 - 35)?
11
Calculate -13 + -16 + 11 + 27 + -38 + (16 - 9).
-22
(70 - -21) + (10 + 36 - 32)
105
What is the value of -145 + (4 - (38 - 174))?
-5
Calculate (-1 - -13 - (139 - 128)) + (-52 - 0) + 0.
-51
Calculate (77 - (35 + 70)) + -78.
-106
What is 86 - ((4 - -27) + 11)?
44
Evaluate -26 + (-39 - (-41 - -7)).
-31
What is -419 - (-436 - -51) - (105 - 1)?
-138
What is the value of (68 + -176 - -32) + 136?
60
Evaluate -39 - (-19 + 25 - 69).
24
Calculate 46 + (-40 - -20 - (2 + 6)).
18
What is (9 + -44 + 3 - 21) + 20?
-33
Calculate (-168 - 10 - -42) + 127.
-9
172 + -269 + 74 + 0 + 11 + -1
-13
52 + -17 - (-11 - (-8 + -17))
21
Evaluate ((4 - -2) + 2 - (23 + (4 - 30))) + -89.
-78
Calculate 131 + -97 + (-37 - 8).
-11
Evaluate (8 + -21 - -9) + (-9 - -2 - -14 - -39).
42
Calculate 46 + (1 - -12 - ((3 - -24) + -25)).
57
What is 1 + -9 - (-208 - -214)?
-14
What is the value of -3 + (1 - 9) - (10 - -5)?
-26
-3 + 21 + 4 + -669 + 606
-41
What is the value of 9 + -2 + -80 + 32 + -3 + 18?
-26
Evaluate -71 + 99 + 47 + -58.
17
Calculate 46 + -29 + 29 + -48.
-2
Calculate 1 - 64 - (715 - 744).
-34
Calculate -40 - ((-3 - 0) + (-5 - -2)).
-34
Evaluate -758 + 726 - (-18 + 15 - (1 + 0 - 3)).
-31
Calculate 15 + (-175 + (69 - 28) - 2).
-121
Calculate 62 - (18 - -63) - (-11 - 136).
128
What is the value of (-3 - -9) + 10 + -6 + 4 + 15?
29
(15 - (21 + -16 + 22)) + -14
-26
What is the value of 28 + (-55 - 57 - -152)?
68
What is the value of -13 + (9 + 13 + 5 - 12)?
2
What is 49 + -55 + 9 + -31?
-28
Evaluate -4 + 6 + (-1 - (1 + 6) - (-183 + 175)).
2
Evaluate (-60 + 64 - (-7 + 0) - 19) + 44.
36
Calculate (13 - 105) + (-2 + 10 - (5 - (-16 - -23))).
-82
What is the value of (49 - (-6 + 2)) + 1 + (-10 - (-7 + 2))?
49
What is -2 + -6 + (-22 - -6) + 51 + -17?
10
Calculate (-10 - (6 - -48)) + (218 - 234).
-80
Calculate -43 + 47 + -10 + 4 + -10 + (88 - -2).
78
Calculate (-48 - 3) + 159 + -127 + (4 - 38).
-53
What is the value of 4 + 11 + (-13 - 5) - (0 + 3 - 4)?
-2
-5 - (-5 - (6 - 10)) - (0